 highest common factor of y and 14.
14
Suppose 2*p + 2*p + 24 = 0. Let j = p + 16. Calculate the greatest common factor of 20 and j.
10
Suppose 5*u - 7 = 13. Suppose -4*r = -2*a - 66, -5*r + 0*r = u*a - 50. What is the highest common factor of r and 14?
14
Suppose 0*z + 3 = -z. Let v be 2/(2 + -4)*19. Let u = z - v. Calculate the highest common factor of 40 and u.
8
Suppose -5*x = -4*i - 170, 3*i = -3*x - 2*x + 170. Suppose -2*o + x = 4*l, 0 = -2*l + 3*l - 3*o + 9. Calculate the highest common factor of 24 and l.
6
Let v(i) = -4*i + 5. Let b be v(-6). Suppose -3*t + b = -4*h, -2*h - h - 27 = -3*t. Calculate the greatest common divisor of t and 28.
7
Let c = 52 + -46. Suppose -y + 27 = 3. What is the greatest common factor of y and c?
6
Suppose 0 = -5*y - 32 + 302. Calculate the greatest common divisor of 6 and y.
6
Suppose a + 2 = -3*j + 5, 3*a = 5*j - 5. Suppose 2*r + 11 = q, a = -4*q + 3*r - 4*r + 17. What is the greatest common factor of 10 and q?
5
Let c be (1 + 5)*(-30)/(-9). What is the highest common divisor of 10 and c?
10
Suppose 4*p + p = 3*u + 95, 3*p = 3*u + 87. Let i = u - -43. What is the highest common factor of 12 and i?
6
Let q be (6/(-4))/(12/(-896)). What is the greatest common divisor of q and 14?
14
Suppose -204 = -5*x + j, 5*j + 16 - 116 = -3*x. What is the greatest common divisor of 5 and x?
5
Let x = -150 + 168. What is the greatest common factor of 72 and x?
18
Suppose -5*g - 7 = 2*w, 4*g + w + 7 - 2 = 0. Let u be 13/g*(1 + -3). Suppose 187 = -10*f + 577. Calculate the greatest common divisor of f and u.
13
Let y(o) = 3*o - 1. Let x be y(1). Suppose x*r + 2*r - 352 = 0. Suppose -7*k = -3*k - 32. What is the greatest common divisor of r and k?
8
Let s be ((-14)/(-8))/((-1)/(-16)). Let h = -10 + s. What is the highest common divisor of 36 and h?
18
Suppose 529 = 4*k - 2367. Suppose 0 = -x - 0*x - 4, -4*j - 2*x = k. Let z = j - -270. Calculate the greatest common factor of z and 13.
13
Suppose -2*k = 1 - 7. Suppose -k*o = h - 17 - 2, 2*o + 2 = 3*h. What is the greatest common divisor of h and 8?
4
Let t(u) = u**3 - 3*u**2 - 3. Let l be t(4). Suppose -4*g + 426 = -5*i, 5*g - 316 = 4*i + 212. What is the highest common divisor of l and g?
13
Suppose 14 = y - 6. Suppose 0 = 5*r - y. Suppose -2*x + 5*x = -4*z + 395, -400 = -4*z - r*x. What is the highest common factor of 38 and z?
19
Suppose 3*t - 4 = 8. Let r(c) = c**3 + 13*c**2 - 15*c + 18. Let a be r(-14). Calculate the highest common divisor of t and a.
4
Suppose 0 = -3*b + 12, o = 8*b - 3*b - 19. What is the greatest common divisor of 2 and o?
1
Let s(d) = -3*d - 8. Let h be s(-9). Suppose 5*z + 415 = 1270. What is the greatest common divisor of z and h?
19
Suppose 0*t + 5*t - 75 = 0. Calculate the greatest common factor of t and 165.
15
Suppose -5*q - 2*y = -49 - 16, 0 = -2*y. Suppose 11*i - 220 = 924. Calculate the greatest common factor of q and i.
13
Let o = 131 - -82. Suppose -3*j - 2*z = -80, 4*j - o = 3*z - 78. Calculate the greatest common factor of j and 20.
10
Suppose 3*k + 3*g - 110 = -2*g, -75 = -2*k - 3*g. Calculate the greatest common divisor of k and 360.
45
Let h(r) = -3*r**3 - 4*r**2 - 2*r - 1. Let b = -5 + 2. Let u be h(b). Let v be 4/(1 - (-9)/(-15)). Calculate the highest common divisor of v and u.
10
Let w(j) be the first derivative of 3*j**2/2 - 9*j + 1. Let o be w(9). Let g = o + -9. What is the greatest common divisor of 18 and g?
9
Let u be 7/(-28) + (-1077)/(-4). Let a = u + -179. Calculate the highest common factor of a and 18.
18
Suppose 4*f = 3*f + 5. Let k = -3 + f. Let h = 3 + 0. Calculate the greatest common divisor of h and k.
1
Suppose -8 = -v + 2. Calculate the highest common factor of 110 and v.
10
Let g = 13 + -9. Suppose -w - g*w - 5*p = -340, 0 = 2*w + 3*p - 132. Calculate the greatest common factor of w and 9.
9
Suppose 0 = 3*i - 7568 + 998. Let x be (-4)/14 - i/(-21). Suppose l + 17 = y, 0*y + 5*l = 2*y - 46. What is the highest common divisor of x and y?
13
Let w = 5 - -112. Calculate the highest common factor of w and 13.
13
Let a be 6*(-1)/(-9)*3. What is the highest common factor of 3 and a?
1
Suppose 0 = -3*a + 5*d + 85, 2*a = 3*a + d - 15. Suppose 2*z - 4 = 6. Calculate the highest common factor of z and a.
5
Let i = -99 + 55. Let b = i + 62. Calculate the greatest common factor of b and 12.
6
Suppose -2*i - 6*x + 24 = -5*x, 4*i = -4*x + 52. What is the greatest common factor of 187 and i?
11
Suppose 6 = x - 4*x. Let l be (-280)/(-42)*(-3)/x. Calculate the greatest common factor of l and 10.
10
Suppose 2*m = 3*i - 6*i + 7, 24 = 5*m + i. Suppose m*o + 3 - 2 = -2*w, -4*o = 3*w + 5. Calculate the highest common factor of 2 and o.
1
Let q be (-60)/(-25)*(-10)/(-3). Suppose -1 = 3*j - 5*y, q = 7*y - 3*y. Let p(l) = l**3 - l**2. Let b be p(j). What is the greatest common divisor of 144 and b?
18
Let v = -30 + 48. Let q be (45/(-2))/(1/(-4)). Calculate the highest common divisor of v and q.
18
Let u = -5 + -25. Let z = u - -78. Let w = 80 - 74. Calculate the highest common divisor of z and w.
6
Let v = -55 + 72. What is the greatest common factor of v and 85?
17
Let n be 1*-2*(-18 - -2). What is the greatest common factor of 352 and n?
32
Let k(t) = 42*t + 1. Let x be k(-1). Let u = x + 65. What is the highest common divisor of u and 36?
12
Suppose 3*o + 195 = 5*y, 5*y + o - 225 = -2*o. Let x be 422/6 - 1/3. Suppose p + x = 6*p. Calculate the highest common factor of p and y.
14
Let p(x) = x**3 + 11*x**2 + 5*x + 24. Let y be p(-10). Calculate the greatest common factor of y and 185.
37
Let x = -62 + 128. What is the highest common divisor of x and 6?
6
Suppose -3*y = -11*y + 48. What is the highest common divisor of 2 and y?
2
Suppose y - 8*j = -3*j + 55, -y - 3*j = -95. Suppose -3*c + 20 = -10. What is the greatest common divisor of c and y?
10
Suppose -5*w - 3 = -3*h, 2*h + 2*w - 19 = -1. Let i be (-104)/h*15/(-10). Calculate the greatest common divisor of 39 and i.
13
Suppose -33 = -b - 2*j, 24 = 2*b - 2*j - 18. What is the greatest common factor of 200 and b?
25
Let s be 4/1 + -5 - -96. Let k = -55 + s. Suppose 16 = 3*g - 44. Calculate the greatest common divisor of k and g.
20
Suppose 0 = -2*b + 3*t - 143, b + 2*b + 3*t + 222 = 0. Let l = -51 - b. Let s = 34 + -23. Calculate the highest common divisor of s and l.
11
Let o = 5 + -5. Suppose o = -8*s + 3*s. Let p be 0 + 54 + 1 + s. What is the highest common divisor of p and 11?
11
Let v = -25 - -55. Calculate the highest common divisor of 20 and v.
10
Let c(t) = -4*t - 3. Let y = 32 + -14. Suppose 0 = -4*o - 4*z - 8, 8*z - 3*z - y = 2*o. Let a be c(o). What is the highest common divisor of 13 and a?
13
Let n(l) = -55*l**3 + l**2 + 3*l + 2. Let j be n(-2). Suppose j = 6*k - k. Calculate the highest common factor of k and 8.
8
Suppose -u = -22 + 17. Suppose -u*m + 224 = -m. Calculate the greatest common factor of m and 14.
14
Suppose -u - 36 = -4*u. Let q = 7 + 5. What is the greatest common divisor of u and q?
12
Let y(f) = -f - 7. Let w be y(-15). Calculate the greatest common divisor of w and 32.
8
Suppose 2*a - a - 36 = 2*s, -3*a + 102 = -4*s. Suppose 0 = 4*q - q - a. Calculate the greatest common divisor of q and 90.
10
Let v = -9 + 17. Let s = v - 5. Suppose s*z + 4*h - 188 = 0, 5*z + h = -h + 290. What is the greatest common factor of z and 8?
8
Let s = 8 - 4. Let y = 13 - 10. Suppose y = 3*p - 0. Calculate the highest common factor of p and s.
1
Let o = -16 + 23. Suppose 0 = -x + 3, -4*p - o = -2*p - 3*x. What is the highest common divisor of p and 5?
1
Let x = -43 + 46. Calculate the highest common divisor of x and 33.
3
Let m(u) = u**3 - 10*u**2 + 10*u - 2. Let y be m(9). Let g be 1/1 + 2/2. Suppose -g*h = -11 - y. Calculate the greatest common divisor of 1 and h.
1
Let r = 112 + -69. Let a = r + -28. Let p be 1 - (-1)/(-1) - -105. What is the highest common divisor of a and p?
15
Let l = 1257 - 886. What is the greatest common factor of 53 and l?
53
Let y(d) = -d**2 + 9*d - 5. Let t be y(7). Let r = -6 + t. Suppose r*m - 6*m + 210 = 0. Calculate the greatest common factor of 10 and m.
10
Let z(r) = r**3 + 8*r**2 - 3*r - 8. Let c be z(-8). Suppose 2*p - 5 = 3. What is the greatest common divisor of p and c?
4
Let s = -21 + 28. Calculate the highest common factor of